What is the greatest common divisor of v and s?
1
Let q(n) = n + 46. Suppose -w = -78 - 22. Suppose 0 = -3*k - 3*v - 42, -w = 5*k + v - 2*v. Let z be q(k). Calculate the greatest common divisor of 9 and z.
9
Let z = -681 - -1717. Let y = 130175 - 130147. What is the highest common divisor of y and z?
28
Let g(s) = -11*s + 18 - 20 - 16 - s. Let o be g(-6). What is the greatest common divisor of 3 and o?
3
Suppose -1680 = 707895*m - 707975*m. Suppose 0 = -5*h + u + 563, -h + 58 = 2*u - 48. Calculate the highest common divisor of m and h.
7
Let p(h) = h**3 + 4*h**2 - 4*h - 11. Let i be p(-4). Suppose 4 = -i*u + 19. Suppose -2*d - u*d = -2365. Calculate the greatest common divisor of 43 and d.
43
Let g(j) = j - 44. Let m be g(57). What is the highest common factor of 2899 and m?
13
Let a(k) = -k**3 + 37*k**2 - 2*k + 111. Let l be a(37). What is the greatest common factor of 7067 and l?
37
Let q(h) = 449*h + 86. Let c be q(3). Suppose -4*l + 6*l = -2*m + 694, 0 = -4*m + 5*l + c. Calculate the greatest common factor of 22 and m.
22
Let t = -3413 + 3523. Calculate the highest common divisor of t and 55.
55
Suppose 6439 = 16*b - 6105. Suppose -7*x + b = x. What is the highest common divisor of x and 14?
14
Let o = 262 - 546. Let q = o - -322. Calculate the highest common divisor of 2 and q.
2
Let f(m) = m**3 - 78*m**2 - 332*m + 462. Let b be f(82). Calculate the greatest common factor of 4 and b.
2
Let r be (6/6 - 1) + 2 + -262. Let g = 512 + r. What is the greatest common divisor of g and 189?
63
Let o(f) = -3*f**2 - 59*f + 381. Let l be o(-24). Suppose s - 2*s = -759. What is the highest common divisor of s and l?
69
Let z = 95 + -42. Suppose z*y - 48*y - 180 = 0. Suppose -6*a + a = -720. Calculate the highest common factor of a and y.
36
Let j = -404 - -893. Let m = 585 - j. Calculate the greatest common divisor of m and 224.
32
Suppose 2*x - 3*x = -3*b - 17, -5*b - 5 = 0. Let m = x - 3. Let y = 41549 + -41505. What is the greatest common factor of y and m?
11
Let p = 6285 + -6192. Calculate the greatest common divisor of 10323 and p.
93
Let x(w) = 4*w + 45. Let u be (-153)/(-27) + (1 - -1)/6. Let s be x(u). Let n = 156 + -133. What is the greatest common factor of s and n?
23
Suppose -1746 = -24*n + 1826 - 212. Calculate the highest common divisor of 10220 and n.
140
Suppose -2*l - 40*h = -44*h - 1142, l = 5*h + 544. What is the greatest common factor of 874 and l?
19
Let a be (-6 - -2) + 17 + -3. Suppose 382 = 4*b + 102. Calculate the highest common divisor of b and a.
10
Let n(s) = 4*s + 6. Let k be n(-1). Suppose 4*d + 2*x - 86 = 0, d + 2*d - k*x = 61. What is the highest common factor of 105 and d?
21
Let y be (-858)/(-52)*(13 + -1). Let p = 317 - y. What is the greatest common divisor of p and 34?
17
Suppose -9*k + 3*w = k - 1620, 3*w - 810 = -5*k. What is the greatest common factor of 27 and k?
27
Suppose 6*r - 17 + 65 = 0. Let w = -4 - r. Suppose 0 = 5*y + w*u + 10, -u + 15 = -5*y - 6*u. Calculate the highest common factor of 6 and y.
2
Let a = -96 + 98. Suppose 6*p + 148 = 4*c + p, -a*c + 2*p = -72. Calculate the highest common factor of c and 128.
32
Let t = 52590 - 52470. Let g be 1 - (1 - 0)*-71. Calculate the highest common factor of t and g.
24
Suppose 2*m - 106 = 4*w + 20, -w = -m + 60. Suppose -55*u = -m*u + 460. What is the highest common factor of 20 and u?
10
Let s be (0 - 15)*((-560)/24 + 4). Let m be 174/(-21)*14/(-2). Calculate the highest common factor of m and s.
58
Let m be (-6)/5*(-50)/30. Let z be (12/(-24))/(m/(-836)). Let y(u) = u**3 + 16*u**2 - 2*u - 13. Let c be y(-16). What is the highest common divisor of z and c?
19
Suppose 65*s - 6994 = -27*s + 274. What is the highest common factor of s and 1817?
79
Suppose 5*i + 3*d + 147 = 0, i - 3*d + 2 = -13. Let v be i/((-297)/(-220))*(1 - 2). Let j = 268 + -188. Calculate the greatest common divisor of j and v.
20
Let z(p) = -p**2 + 17*p - 73. Let x be z(8). Let j be -21*(-7 + 8)/x. Calculate the greatest common divisor of 189 and j.
21
Let o(j) = -4 - 8*j + 74*j**2 + 5*j + 2*j + 5*j. Let x be o(2). What is the highest common factor of 48 and x?
12
Suppose -2*f = b - 2293, 301*f - 305*f - 4*b = -4584. What is the greatest common divisor of 37 and f?
37
Suppose -9*c - 449 = -1916. What is the greatest common factor of 9617 and c?
163
Let h be (-276)/12*(-38)/2. Suppose 25 = -3*n + 4*n + 3*a, -3*a = -3*n + 51. Calculate the greatest common divisor of n and h.
19
Suppose 25*b + 11*b + 151*b - 43384 = 0. What is the greatest common divisor of 2030 and b?
58
Let n(h) = -h**2 - 15*h - 14. Let f be 8/(-6) - 133/(-57). Suppose 11*y + 144 = f. Let v be n(y). What is the highest common divisor of v and 6?
6
Let f = -202 - -217. Let c = 111 - 114. Let x be -1 + 126/8 - c/12. What is the highest common divisor of x and f?
15
Suppose 1127*k - 4768267 = 924*k. Calculate the highest common factor of 283 and k.
283
Let j = 387 + -271. Suppose -4*b + 10*d + j = 14*d, -3*b + 89 = 5*d. What is the greatest common factor of b and 154?
14
Let c be 4*(5 - (-9)/(-4)). Let n be 11/55 - (-102)/(-10). Let q be (-40)/100 - 554/n. Calculate the highest common factor of q and c.
11
Let s be ((-244)/10)/(590/50 + -12). Calculate the highest common factor of s and 1647.
61
Suppose 908 + 712 = -9*x. Let d be (80/24)/(1 - (-172)/x). Calculate the greatest common factor of d and 700.
25
Suppose 9*r + 240 = 7*r. Suppose -d = -3*f + 2*f - 6, -f = -4. Let h be (-2352)/r - 6/d. What is the highest common factor of 57 and h?
19
Let i be 3*4/(-114) + 21115/779 + -19. Calculate the greatest common divisor of 968 and i.
8
Suppose -18*n + 64 = 14*n. Suppose i - 3*j = -4, 2*i + 0*j - n = 4*j. What is the highest common factor of i and 341?
11
Let o be (2038504/650)/2 + 4/(-50). What is the greatest common factor of o and 637?
49
Suppose 13431 + 67299 = 90*s. Calculate the highest common factor of s and 104.
13
Let h be 368/48 + 3/9. Suppose -h*d = -15*d + 784. What is the highest common divisor of d and 32?
16
Let y = -6 + 4. Let z be ((-6)/(-9))/(y/(-45)). Let d be (-101)/(-7) - 28/(-49). What is the highest common divisor of d and z?
15
Let b be 1 + (-1)/(-2 - (-9)/6). Suppose -20 = -n + b*o, 3*o = -2*o + 25. Let k be 10/n - 752/(-14). Calculate the greatest common factor of k and 36.
18
Suppose 5*f - 21 = -2*g, 34 = 4*f - 2*g + 10. Suppose a + f = 10. Calculate the greatest common factor of a and 45.
5
Suppose 122*f + 28*f = 486 + 414. Calculate the greatest common divisor of 3693 and f.
3
Let a be (-20)/(-90) - (-110334)/189. Calculate the greatest common factor of a and 36500.
292
Suppose -2*s + 7*s - 25 = 0. Suppose 5*c - s + 5 = 0. Suppose c = 5*v + 2*y - 870, -v - v - y + 348 = 0. Calculate the highest common factor of v and 29.
29
Let b be 2985/(-5) + 0/4. Let i = -339 - b. Suppose -i = -2*q - 3*p, -p + 132 = q + 2*p. Calculate the greatest common divisor of q and 9.
9
Let z = -10 - -10. Suppose z = 86*f - 89*f + 78. Calculate the highest common divisor of f and 234.
26
Let p = 9027 + -9008. What is the highest common factor of 3287 and p?
19
Suppose 2*c = 11 - 61. Suppose 47 = 7*r - 8*r. Let a = c - r. What is the greatest common divisor of 55 and a?
11
Let g be (0/1)/((-10)/(-5)). Suppose g = -7*d + 48 + 1. Suppose -5*j - d = -22. What is the highest common divisor of 33 and j?
3
Let q(z) = z**2 - 16*z + 58. Let s be q(11). Let f(d) = -d**3 + 7*d**2 + d - 7. Let n be f(s). What is the highest common factor of n and 16?
16
Let g be 45/(-18) - 2859/(-2) - -4. What is the greatest common factor of g and 27?
27
Let t(q) = -3*q - 12 - 2*q + 2*q + 11 + 35*q**2 - 5*q. Let m be t(-2). Calculate the greatest common divisor of 124 and m.
31
Let i(g) = 2*g**3 - 10*g**2 - 69*g - 26. Let k be i(11). What is the highest common factor of 23 and k?
23
Let j(k) = 2*k**2 - 103*k + 1340. Let a be j(33). Calculate the greatest common factor of 2 and a.
1
Let z = 274 - 188. Let t = -61 + z. Suppose t*x - 8 = 23*x. Calculate the greatest common factor of x and 2.
2
Let f(b) = 3*b - 8 + 9 + 0 + 2*b**2. Let g be f(-3). Suppose 14 + g = 4*n. Calculate the greatest common factor of 21 and n.
3
Let u = 39 - 35. Suppose -u*y - y = -15. Suppose -3*b + 5*g - y*g = -4, -3*b + 8 = -g. What is the greatest common factor of 36 and b?
